27033853 a composite number?
False
Is 66614176151 a composite number?
False
Is 585103921 a prime number?
False
Is 793329419 composite?
False
Is 7685488199 a prime number?
True
Is 262159211 a prime number?
True
Is 2044561031 a prime number?
True
Is 409623821 prime?
True
Is 11032561402 a composite number?
True
Is 34719502733 a composite number?
False
Is 115004759 a prime number?
True
Is 8566505417 a composite number?
True
Is 1347055403 a prime number?
False
Is 5287713377 prime?
True
Is 8186377289 a composite number?
True
Is 2643790939 composite?
False
Is 820357861 prime?
False
Is 2926513963 a prime number?
False
Is 307299195197 prime?
False
Is 7040049173 composite?
True
Is 160801621 prime?
True
Is 156389409667 composite?
False
Is 11734890797 a prime number?
False
Is 371772059 a composite number?
True
Is 8367189949 a prime number?
False
Is 413643407 a prime number?
False
Is 213013190701 composite?
False
Is 1638506719 a composite number?
False
Is 9373826483 a composite number?
True
Is 400702095049 composite?
False
Is 800125877 composite?
True
Is 46385962351 a composite number?
False
Is 168215521 prime?
False
Is 4435313387 composite?
False
Is 2971447109 composite?
False
Is 16485726997 a prime number?
False
Is 889888847 a composite number?
True
Is 241612669 prime?
True
Is 414106937 prime?
True
Is 171200843369 composite?
False
Is 58104247723 prime?
False
Is 4838818253 a prime number?
False
Is 565599889 a prime number?
True
Is 79198607 a composite number?
False
Is 2372788109 composite?
False
Is 7326660251 composite?
False
Is 1372663871 prime?
True
Is 12039468379 composite?
False
Is 592900067 composite?
True
Is 863086361 a prime number?
True
Is 950707361 prime?
True
Is 1264448881 a prime number?
False
Is 12904468933 a prime number?
True
Is 881175497 a prime number?
True
Is 235288156331 a composite number?
False
Is 211886159 prime?
True
Is 27513710849 a prime number?
False
Is 300782147 composite?
True
Is 31511876287 a composite number?
False
Is 5499601411 prime?
False
Is 1044762517 composite?
False
Is 8753015273 a composite number?
True
Is 2255921303 prime?
False
Is 47209628927 prime?
True
Is 1496773657 prime?
True
Is 1083069707 a prime number?
True
Is 699076891 a prime number?
True
Is 20823949 a composite number?
True
Is 3277600919 prime?
False
Is 18699332609 a composite number?
False
Is 32131020359 a prime number?
True
Is 5781243961 composite?
False
Is 2299621669 composite?
True
Is 7452122255 prime?
False
Is 17997391537 a composite number?
False
Is 272382827 composite?
False
Is 73547393069 prime?
False
Is 730685743 prime?
True
Is 2580736667 a prime number?
True
Is 574933927 a composite number?
False
Is 6302824601 a composite number?
True
Is 17006038846 composite?
True
Is 1076380369 prime?
True
Is 21645191 a composite number?
True
Is 3383787859 composite?
True
Is 49491988783 composite?
False
Is 32582083693 a prime number?
True
Is 42375818879 a prime number?
False
Is 75546841 prime?
True
Is 586193009 prime?
True
Is 188809273 composite?
False
Is 65216919413 a prime number?
False
Is 137558059159 a composite number?
False
Is 16317659671 a composite number?
False
Is 959725202 composite?
True
Is 14369723801 composite?
False
Is 1561327349 composite?
False
Is 3118446491 a composite number?
False
Is 134285759147 composite?
False
Is 129651211 prime?
True
Is 43970437135 prime?
False
Is 2229141853 prime?
False
Is 840210443 prime?
True
Is 79154419 a composite number?
True
Is 318775913 a composite number?
False
Is 589003273 prime?
True
Is 37508441 prime?
True
Is 6552663839 a composite number?
False
Is 20249449541 a composite number?
False
Is 215901013021 a prime number?
False
Is 585134881 composite?
True
Is 16582416847 a composite number?
True
Is 513985619 composite?
True
Is 255138623 a composite number?
False
Is 130890494629 composite?
False
Is 1078765859 a composite number?
False
Is 10713574957 prime?
True
Is 121795669 prime?
True
Is 2555187302 prime?
False
Is 30111800611 a composite number?
False
Is 22305433411 a composite number?
False
Is 43786223 prime?
False
Is 221766584341 composite?
False
Is 54636119 composite?
False
Is 6739409531 composite?
True
Is 482055493 a composite number?
False
Is 3151072781 prime?
True
Is 355054429 a prime number?
False
Is 356185066 a prime number?
False
Is 111896128867 a composite number?
False
Is 825911411 prime?
False
Is 1244376851 a prime number?
True
Is 21101189413 composite?
True
Is 3295777 composite?
True
Is 5684320981 composite?
False
Is 7787870533 prime?
True
Is 34292587663 a prime number?
False
Is 1666186787 composite?
True
Is 12289375991 a prime number?
False
Is 8149357967 a prime number?
True
Is 75257105507 composite?
True
Is 2539926817 a composite number?
False
Is 3876417799 a composite number?
False
Is 71488759501 composite?
False
Is 701428747 composite?
True
Is 2205916837 composite?
False
Is 44692157 composite?
True
Is 92651017727 composite?
False
Is 3792288553 a composite number?
True
Is 3690650129 a composite number?
False
Is 24373043 a prime number?
True
Is 3265448755 prime?
False
Is 26000632597 a composite number?
False
Is 12646307573 a composite number?
True
Is 197542757 a composite number?
True
Is 3157883621 a composite number?
False
Is 8193604417 composite?
False
Is 14042551387 composite?
True
Is 7697340067 composite?
False
Is 4031774035 a composite number?
True
Is 11591808461 a composite number?
False
Is 141880777 a composite number?
True
Is 395036879 composite?
True
Is 66722751813 composite?
True
Is 46483845167 composite?
True
Is 11386053937 prime?
True
Is 7140118529 prime?
False
Is 16585418189 a prime number?
False
Is 44879209 a composite number?
True
Is 59461030997 prime?
True
Is 11473003259 prime?
False
Is 613206203 composite?
True
Is 46152371 composite?
True
Is 106459373 prime?
False
Is 846928919 prime?
True
Is 1171259071 composite?
False
Is 20293569007 composite?
False
Is 2123192231 a composite number?
True
Is 3436837645 a composite number?
True
Is 41194032713 a prime number?
True
Is 30230093929 a prime number?
False
Is 617229647 composite?
True
Is 11210022013 composite?
True
Is 1650497891 a prime number?
False
Is 12418648449 composite?
True
Is 25610812705 composite?
True
Is 34933585189 a prime number?
True
Is 7783872409 composite?
False
Is 185709269 a composite number?
True
Is 507944111 a composite number?
False
Is 46595606581 a prime number?
True
Is 3069984677 prime?
True
Is 1216226083 a prime number?
False
Is 1140775297 prime?
False
Is 1024172111 a prime number?
True
Is 33846503749 a composite number?
True
Is 344916239 a prime number?
True
Is 13032619751 a composite number?
False
Is 885561497 a composite number?
False
Is 1787240981 composite?
False
Is 7748264371 a composite number?
False
Is 4262203427 a composite number?
True
Is 12735756283 prime?
True
Is 26388796507 prime?
True
Is 1124528459 composite?
True
Is 561822007 composite?
True
Is 20154954727 prime?
False
Is 292578437 a prime number?
True
Is 13593451 a prime number?
False
Is 9488869319 a prime number?
True
Is 65095439413 a prime number?
True
Is 74229499 a composite number?
True
Is 7290301981 composite?
True
Is 6609048011 prime?
True
Is 19912487921 a composite number?
False
Is 1063304597 composite?
False
Is 160086103 a prime number?
True
Is 350235941 a prime number?
False
Is 9479535041 a composite number?
False
Is 48094582121 composite?
False
Is 122940781 prime?
False
Is 20537257621 prime?
True
Is 237178693 composite?
False
Is 1655670083 prime?
True
Is 8148653483 a composite number?
True
Is 456127031 prime?
True
Is 830190363 a composite number?
True
Is 1661926811 prime?
False
Is 1397031721 prime?
True
Is 1158226091 a prime number?
False
Is 30325782323 a composite number?
False
Is 304006397 a composite number?
True
Is 23006017487 prime?
True
Is 3226843859 a composite number?
False
Is 5913239053 composite?
False
Is 374735057 a composite number?
False
Is 811146241 a composite number?
True
Is 1080201361 composite?
False
Is 244538969 a composite number?
False
Is 10010181191 a prime number?
False
Is 7727844607 prime?
False
Is 7488578963 prime?
False
Is 991424121 composite?
True
Is 70540247 composite?
False
Is 6098121103 composite?
False
Is 25637853811 composite?
True
Is 1573665529 composite?
False
Is 5086511189 a composite number?
True
Is 138079